 5
Let s(t) = 3*t + 17. Let c be s(-5). Suppose -2*w - 6*l = -c*l - 14, -4*w + 4*l + 16 = 0. What are the prime factors of (-429)/(-15) - 3/w?
2, 7
Let b = -8 - -9. What are the prime factors of 21/(b*2/6)?
3, 7
Suppose -5*d + 31 = -4*d. Let t = 4 + d. What are the prime factors of t?
5, 7
What are the prime factors of (-13941)/(-153) - (-1 - (-38)/34)?
7, 13
Suppose 0 = 5*q + 118 - 98. Let g(s) be the first derivative of s**4/4 + s**3 - 7*s**2/2 + 2*s - 1. What are the prime factors of g(q)?
2, 7
Suppose 5*y + 2*a - 41 = 0, 31 = 5*y + a - 12. Let l(k) = -k**3 + 8*k**2 + 12*k - 10. List the prime factors of l(y).
17
Suppose 0 = -13*t + 7*t - 192. Let b = -15 - t. What are the prime factors of b?
17
What are the prime factors of 5730/(-1)*(594/(-36))/33?
3, 5, 191
Suppose -13929 + 2053 = -4*b + 5*h, 0 = b - 5*h - 2954. What are the prime factors of b?
2, 1487
Suppose q = -7 + 23. Suppose -6 = 2*z - q, 0 = 4*j + z + 3. List the prime factors of 21 + (2/(-2) - j).
2, 11
Let t(n) = n. Let x(i) = -17*i - 1. Let b(f) = 5*t(f) - x(f). List the prime factors of b(5).
3, 37
Suppose 36 = -3*t + 3*k, -2*t - 15 = -2*k - 3*k. Let i = t - -26. Suppose 0 = -2*a + 1 + i. What are the prime factors of a?
2, 3
Let k = 341 - -2435. What are the prime factors of k?
2, 347
Let o(x) = -x + 10 - 2*x + 2*x - 4*x. List the prime factors of o(-5).
5, 7
Let f = 2155 - 803. List the prime factors of f.
2, 13
Suppose 4*v = 5*v + 5*u - 3, 24 = -2*v + 5*u. Let p(l) = l**2 + 2*l + 17. List the prime factors of p(v).
2, 13
Let b = 26 + -36. Let x = 28 + b. Let v = x + 18. List the prime factors of v.
2, 3
Let a = -14 - -17. Let i(b) = -4*b**3 + 7*b**2 - 2*b + 1. Let f(q) = -5*q**3 + 7*q**2 - 3*q + 1. Let o(z) = a*f(z) - 4*i(z). What are the prime factors of o(8)?
5, 11
Let c be (7 - 1) + 6 + -10. Suppose 0 = -5*s + 2*t + 128, -c*s - t = 27 - 80. List the prime factors of (-10)/(-65) - (-152)/s.
2, 3
Suppose 2*j - 8 = -3*d, 0 = 4*d + 3*j + 7 - 19. Let p be 1 + 1 + -1 + 1. Suppose d*z = p*z - 44. List the prime factors of z.
2, 11
Let l = 354 - 1066. Let a be l/12*9/(-6). Let s = -64 + a. List the prime factors of s.
5
Suppose -348 - 887 = -2*m - t, -2*t - 10 = 0. List the prime factors of m.
2, 5, 31
Let t = -90 - 21. Let g = 220 + t. List the prime factors of g.
109
Suppose 3*b + 3*k - 20 = -2*b, -2*k + 12 = 3*b. Suppose b*c = 10 + 2. What are the prime factors of c?
3
Let u(m) = -m**3 + 12*m**2 + 1. Let j be u(5). Suppose -2*l = -0*l - j. List the prime factors of l.
2, 11
Let u = -5393 + 7863. List the prime factors of u.
2, 5, 13, 19
Suppose 3*j - 30*k + 29*k - 164 = 0, -5*k = -4*j + 226. List the prime factors of j.
2, 3
Let t = 50 - 47. Suppose -i = 2*i + t*s - 186, -3*s - 144 = -2*i. What are the prime factors of i?
2, 3, 11
Let x(i) = i**2 - 2*i - 18. Let b be x(4). Let k = 98 + b. List the prime factors of k.
2, 11
List the prime factors of 1/(4/24*6)*143.
11, 13
Suppose 10*c - 3204 = 6*c. Suppose -501 = -6*w + c. What are the prime factors of w?
7, 31
Let m(s) = -s**2 - 125. Let w be m(0). Let a = w + 209. What are the prime factors of a?
2, 3, 7
Let o(g) = g**2 - 19*g + 10. Let n be o(7). Let v = n + 159. What are the prime factors of v?
5, 17
Let m = -854 - -1333. Suppose 0 = 5*o + 11*p - 13*p - 1225, -m = -2*o + 3*p. What are the prime factors of o?
13, 19
Suppose -7*q + 24 = -q. Suppose q*j + 3*k = 121, 0 = 3*j - 2*k - 0*k - 78. Suppose 12 = 4*x - j. List the prime factors of x.
2, 5
Let r(i) = 3*i**3 + 2*i**2 + 3*i - 3. Let d be r(-2). List the prime factors of (-228)/(-5) + 15/d.
3, 5
Let b(w) = -2*w**3 - 8*w**2 - 8*w - 72. List the prime factors of b(-8).
2, 3, 7
Let t = -61 + 88. Let h be (-441)/t - (-2)/6. Let k = h + 41. List the prime factors of k.
5
Let b = 49 - 47. What are the prime factors of (-34)/(-10) + (b/5)/(-1)?
3
Let z = 808 - 514. Let c = -161 + z. List the prime factors of c.
7, 19
Let c = -48 + 43. List the prime factors of 123 + c/(15/9).
2, 3, 5
Let m(o) = -o**2 + 9*o - 2. Let d be m(8). Let w = d + -1. What are the prime factors of 226/10 + 2/w?
23
Let c(b) = 5*b**2 + 9*b - 17. What are the prime factors of c(6)?
7, 31
Let n(z) = -35*z**2 + z - 2. Let u be n(1). Let y = u + 146. List the prime factors of y.
2, 5, 11
Suppose 2*l - 4*o - 122 = o, 59 = l - 2*o. Let q = l - 87. What are the prime factors of (-24)/q + 74/6?
13
Let b(v) = -3*v**2 + 3*v + 1. Let z be b(4). Let g(p) = -p**2 - 7*p - 54. Let d be g(-8). Let j = z - d. List the prime factors of j.
3
Suppose -50 = -2*c + 72. Let v = c - -41. What are the prime factors of v?
2, 3, 17
Suppose -5*l - 2*g = -25, -3*l + 2*g = 3*g - 15. Suppose -4*t + 4 = o + 3, t = -5*o + l. Suppose t = i - 2. What are the prime factors of i?
2
Let d(z) = 14*z**2 - 27*z + 6. What are the prime factors of d(-5)?
491
Suppose -4*d + 40 = 5*u, 3*u - d - 17 = -2*d. Suppose o = -5, -4*s - u*o = -5*s + 272. What are the prime factors of s?
2, 3, 7
Suppose 2308 = 16*a - 15*a + 5*u, 0 = 3*a + u - 6924. List the prime factors of a.
2, 577
Let f(q) = -34*q + 19. Let j be f(-5). Let r = j + -56. What are the prime factors of r?
7, 19
Let j = 44 - 38. List the prime factors of (216/21)/(j/28).
2, 3
Suppose 5*j + 4*i = j + 4, 2*j + 4*i + 8 = 0. Suppose j*o = 5*o + 62. What are the prime factors of o?
2, 31
Let o be (2*36 - 3) + 3/(-1). Let l = 73 - o. What are the prime factors of l?
7
Suppose 5 = -n - 12. What are the prime factors of (n/(-2))/((-2)/(-4))?
17
Suppose 4*b - g = 12, -4*b + 0*g + 24 = -4*g. Suppose -4*n + 8 = 3*m + 23, 0 = 4*m + b*n + 30. What are the prime factors of (-1 + 0)*(-4 + m)?
13
Let c(f) = 1 + 3*f**3 - 2*f**3 + 6*f - 6*f - 3*f - 5*f**2. What are the prime factors of c(6)?
19
What are the prime factors of -4080*(-6 - -3)/6?
2, 3, 5, 17
Suppose 3*m - 186 = 1998. What are the prime factors of m?
2, 7, 13
Suppose 3*o - 3*z + 5*z = 6, 5*o - 9 = -3*z. Suppose -6*i - 3 + 939 = o. What are the prime factors of i?
2, 3, 13
Let b = -313 - -263. Suppose -2*g - 3*g - 90 = 0. List the prime factors of g/5*b/5.
2, 3
Let u(w) = -5*w**3 + w + 1. Let n be u(-1). Suppose -q = 2*z + 13, 3*z - 16 + 3 = n*q. Let h(f) = f**2 + 3*f + 10. What are the prime factors of h(z)?
2, 7
Let z = 1 - -123. Suppose z = s + s. List the prime factors of s.
2, 31
List the prime factors of 580*(48/(-15))/(-4).
2, 29
Let h be (-2)/5 - (-132)/5. Suppose -5*x = 2*o - h, -4*o + 47 + 33 = 3*x. What are the prime factors of o?
23
Let o(z) = -z**3 + 3*z**2 - z - 1. Let d be (-6 + 11)*3/5. Let n be o(d). List the prime factors of 124/(-6)*6/n.
31
What are the prime factors of 4*(-7)/56*2 + 18?
17
Let n = 1 + -3. What are the prime factors of -489*(-2)/6 - n?
3, 5, 11
Let m(q) = 5*q**2 - 2*q - 34. List the prime factors of m(10).
2, 223
Suppose -3*i - 10 = -5*n + 8, -2*i - 2*n - 12 = 0. Let z(w) = -2*w**2 - w + 1. Let q be z(i). List the prime factors of 10/q - 223/(-13).
17
Let a(w) = w**2 - 4*w + 2. What are the prime factors of a(-17)?
359
Suppose -a = -5*q - 187, 3*q + 475 = 3*a - 146. Let l = 120 - a. Let g = 130 + l. List the prime factors of g.
2, 19
Suppose 3*v - r - 3191 = 0, 0*v + 5345 = 5*v + 5*r. What are the prime factors of v?
3, 5, 71
Let c(g) = g**2 + 2*g + 14. Let h be c(-8). Let i = 75 - h. What are the prime factors of i?
13
Let t(c) = -4*c + 4. Let u be t(-4). Let s = u - 14. Suppose -s*k + k = -75. What are the prime factors of k?
3, 5
Let p(k) = -8*k + 53. Let d(v) = -v**2 - 3*v + 4. Let i be d(-3). Let n(t) = 3*t - 18. Let x(b) = i*p(b) + 11*n(b). What are the prime factors of x(-11)?
3
Suppose 4*o - 5944 = -4*g, -3*g = -5*o + 9*o - 5949. What are the prime factors of o?
3, 7, 71
Suppose 0 = -421*v + 414*v + 1806. What are the prime factors of v?
2, 3, 43
Suppose -2*r + 3*n + 3 = -0*n, 27 = 5*r - n. What are the prime factors of 274/r*6/2?
137
Let c = 70 - 74. List the prime factors of (1 - c/(-6)) + 338/39.
3
Suppose 12*j - 49*j = -97347. List the prime factors of j.
3, 877
Suppose 9 = 2*y + 3*t, -6*t - 14 = -5*y - 5*t. Suppose y*l + 5 = 2. Let k(u) = -40*u + 1. What are the prime factors of k(l)?
41
Let f(s) = -2*s - 4. Let k be f(-7). Let d = k - 5. Suppose d*g - g - 24 = 0. What are the prime factors of g?
2, 3
Let y = -255 - -365. List the prime factors of y.
2, 5, 11
Let o(x) = -11*x**2 + 5*x - 4. Let k be o